i + 5*b + 15, i - j*b - 12 = -b. Suppose 5*h - 15 = i, 2*m + 4*h - 42 = -m. What is the tens digit of m?
1
Let q be 2 + (-8)/4 + (15 - 2). Suppose 930 = q*i - 3*i. What is the tens digit of i?
9
Let g(b) = b + 64. What is the tens digit of g(-13)?
5
Suppose -12844 - 508 = -8*y. What is the tens digit of y?
6
Suppose 5*m + 2*v - 7*v - 965 = 0, 385 = 2*m - v. Let l = m + -90. What is the tens digit of l?
0
Let m = -507 + 820. Suppose 4*r - m = -j - 4*j, 2*r + 331 = 5*j. What is the tens digit of j?
6
Suppose -3*r = 4*y - r - 22, 2*r + 26 = 4*y. Let s = y - -139. What is the hundreds digit of s?
1
Let j = 226 - -32. What is the tens digit of j?
5
Let v be 1/1*(-1 - 0). Let z be (-2 + v)*(1 + -2). Suppose z*a - 5*a + r = -39, 5*a + 4*r - 78 = 0. What is the tens digit of a?
1
What is the tens digit of 1305/2 - (-44)/88?
5
Let b(a) = -a**3 + 4*a**2 + 7*a - 6. Let l be b(5). Suppose 164 = 3*f + l*x, 5*x - 270 = -2*f - 3*f. What is the units digit of f?
2
Suppose 2*z = -2*c + 898, -2*c = 7*z - 9*z + 914. What is the units digit of z?
3
Let x(t) = -t**3 - 33*t**2 - 50*t + 7. What is the hundreds digit of x(-32)?
5
Let t = -32 + 26. Let k(v) = v**2 + 3*v - 5. Let g be k(-5). Let q = g - t. What is the units digit of q?
1
Let k be (-12)/(-2) + 1 + -4. Let y(v) = 1 + 0 - k*v + 5*v - v**3 - 4*v**2 + v. What is the tens digit of y(-5)?
1
Let k(b) = b**3 + b**2 - b + 1. Let h be k(1). Let x be 81*(0 - -2) + h. Suppose 0 = -3*a - 2*g - 11 + 119, -5*a + x = -2*g. What is the tens digit of a?
3
Suppose 144 = 9*c - 5*c. Let w be (-96)/c + (-4)/(-6). What is the units digit of w/(-6)*24/1?
8
Suppose 3*p = 2*p, -i = -3*p - 3. Suppose i*b - 113 = -z, -2*z + 0*b = b - 231. What is the units digit of z?
6
Let k(u) = -u**3 - 27*u**2 - 53*u - 20. What is the tens digit of k(-25)?
5
Suppose 0*g + 30 = -3*g. Let n be g/(-15)*165/2. Suppose -o + 13 = -3*t + 4*t, -n = -3*o + t. What is the tens digit of o?
1
Let o(d) = -d**2 + 2*d + 474. What is the units digit of o(0)?
4
Let a(y) = -y**2 - y. Let z be a(-1). Suppose -3*g + 80 = -2*k, 3*g + k = -z*k + 77. Suppose 55 = 3*i - g. What is the tens digit of i?
2
Let k(q) be the second derivative of 8*q - q**2 + 0 + 1/6*q**4 - 4/3*q**3. What is the units digit of k(6)?
2
Suppose 2*f - r - 840 = 0, 0 = f + 3*r - 0*r - 413. What is the units digit of f?
9
Let s(t) = t**3 + 32*t**2 - 8*t + 59. What is the units digit of s(-32)?
5
Suppose 33*l - 7130 - 14881 = 0. What is the units digit of l?
7
Let z be 2/(-4)*2 + 5. Suppose -3*j = -z*j. What is the tens digit of j + -2 + (18 - 1)?
1
Let t be (46/(-4))/(3/(-36)). Suppose w - t = -3*g, 0*g + 4*w = 4*g - 184. What is the units digit of g?
6
Let d(w) = w - 58. Let c be d(-19). Suppose 0*a = 2*a + 106. Let x = a - c. What is the tens digit of x?
2
Let w(u) be the first derivative of 9*u**2/2 + 6*u - 22. What is the tens digit of w(11)?
0
Suppose 16*l = 10815 + 76529. What is the tens digit of l?
5
Suppose 2*c - 5 = 5. Suppose c*s + 4*s - 288 = 0. What is the units digit of s?
2
Let o = 74 - 17. Suppose -3*w + 88 + o = -2*p, 5*w + 3*p = 267. What is the tens digit of w?
5
Suppose 6*z + 265 = -203. Let s = -21 - z. What is the tens digit of s?
5
Let s be (-13)/(39/210) + 4. Let a = 10 - s. What is the units digit of a?
6
Let f(d) = -d + 4. Let a be f(5). Let u be (3 + -3)/a*1. Suppose 2*k - 34 = -u*k. What is the tens digit of k?
1
Let j(g) be the first derivative of g**4/4 - 2*g**3/3 - g**2/2 + 5*g + 6. Let a be j(4). Suppose 0 = 2*b + b - a. What is the tens digit of b?
1
Suppose -102 = q + 111. What is the tens digit of -4*q/9 - (-2)/(-3)?
9
Let a = -33 - -40. What is the units digit of 56 - (3 - (a - 2))?
8
Let v(z) = 4*z**3 - 3*z + 2 - 6*z**3 + 3*z**2 + 5*z**3 - 4*z**3. Let q be v(2). Suppose q*s - 4*s + 16 = 0. What is the units digit of s?
4
What is the tens digit of 2/(-29) + -3 + (-184533)/(-87)?
1
Suppose 12 = -4*t, y + 92 - 20 = 5*t. Let d = y - -191. What is the units digit of d?
4
Suppose -4*l + 5*l = -16. What is the tens digit of 18 + l + (-1 - -88)?
8
Let h be 2/8 - 323/76. Let t(k) = -5*k**3 - 9*k**2 + 5*k + 10. What is the units digit of t(h)?
6
Suppose 1438 = 3*c + 5*g, 5*c - c + 2*g = 1908. What is the units digit of c?
6
Let u be 4/12*-3 - -4. What is the units digit of ((-1)/3)/(u/(-153))?
7
Suppose -158 = -4*z + 54. Let a = -26 + z. What is the tens digit of a?
2
Let u(f) = 9*f - 62. Let n be u(7). What is the tens digit of (-75)/9*(-7 + n)?
5
Let b be (-1)/(-4) - (-6)/8. Let f = b + -1. Suppose -2*h - 3*q - 9 = 0, 5*h - q - 20 = -f*h. What is the units digit of h?
3
Let s(c) = -c - 1. Let v be s(-6). Suppose v*u = u. Suppose 3*w - 130 = -u*w - 5*z, -85 = -3*w + 4*z. What is the tens digit of w?
3
Let w(l) be the third derivative of -1/120*l**6 + 1/3*l**4 + 0*l - 1/15*l**5 + 0*l**3 - 10*l**2 + 0. What is the units digit of w(-6)?
4
Suppose 0 = -n - 3*j + 3019, 21*n - 17*n + 2*j - 12066 = 0. What is the thousands digit of n?
3
What is the hundreds digit of 953 + (1 + -1)*5/(-15)?
9
Suppose 4*h + 326 = 6*h. What is the tens digit of h?
6
Let o(u) = 426*u**2 - 19*u + 28. What is the thousands digit of o(2)?
1
Suppose -3*d + 49 = -581. Suppose 100 = 5*v - d. What is the units digit of v?
2
Let a(w) = 15*w**2 - 14*w - 313. What is the units digit of a(-16)?
1
Suppose -8 = -w - 3*r, 3*r - 4 + 1 = 0. Suppose -3*n - 4 = -w*n. What is the units digit of (n + -4)/(-2)*41?
1
Suppose 3*l = -3*t + 33 - 6, -3*t = -l - 27. Suppose t*q = 13*q - 132. What is the units digit of q?
3
Let i(f) = 71*f + 2. Let x be i(2). Suppose 2*r - 3*r - 3*g - 36 = 0, 0 = -4*r - 2*g - x. What is the units digit of (-280)/r - 2/(-9)?
8
Let d(c) = 15*c + 5. Let r be d(13). Suppose 0 = 2*v - r - 128. What is the hundreds digit of v?
1
Suppose -4*c = -5*c + 4. Suppose q + 0*q - 77 = -2*d, 5*q + c*d - 391 = 0. What is the tens digit of q?
7
Let d be 13*(1/(-1) - -2). Suppose -5*x = n + 7 + d, 0 = -5*n - 5*x - 100. Let i = n - -24. What is the units digit of i?
4
Let x(y) = -6 - 4 + 11 - 9*y. Let b be x(1). What is the units digit of ((-1)/3)/(b/144)?
6
Suppose 2*i - 80 = -5*a - 3*i, 0 = 4*a + 5*i - 68. What is the units digit of (-2)/a - 2120/(-48)?
4
Let m(q) = -q**2 - 22*q - 18. Let c be (-4)/4 + 4 - 2. Let k be (2 - c)/(1/(-19)). What is the units digit of m(k)?
9
Let o be (-2 - -1)/((-2)/(-388)). Let h = o - -326. Let y = h - 92. What is the tens digit of y?
4
Let t(d) = 10*d. Let w be t(-1). Let s = w + 13. What is the units digit of 8 - 5/(5/s)?
5
Suppose 2*m - 4*j - 60 = 0, 3*m + 4*j = 22 + 18. Suppose 4 = -2*f + f, r = -f - m. What is the units digit of 7/(-4*4/r)?
7
Suppose -6*x + 6 = 18. Let l(s) = -22*s**3 + 2*s**2 - 4*s - 10. What is the tens digit of l(x)?
8
Suppose 0 = -8*d + 6*d + 2722. What is the hundreds digit of d?
3
Suppose 7*y - 3291 = 4*y. Suppose -2*f - w = 3*f - 1819, -y = -3*f + 5*w. Suppose -4*l + 5*j + f - 68 = 0, -2*l + j = -142. What is the units digit of l?
9
Suppose -3*s - s = 3*r, 2*s + 14 = 2*r. Suppose u + r*u = 265. What is the units digit of u?
3
Let m = -106 + 111. Suppose -11 - 199 = -m*a. What is the units digit of a?
2
Suppose -161 = -6*a + 3361. What is the tens digit of a?
8
Suppose 5*z + 70 = 10*z. Suppose -16*s + 242 = -z. What is the units digit of s?
6
Let k be (-86)/6 + 4/(-6). Let c = 1322 + -1285. Let h = c - k. What is the tens digit of h?
5
Suppose 2*i + 2*i - 4*a + 28 = 0, i - 18 = -4*a. Let g(h) = -h**3. Let v be g(i). Suppose -v = -2*u + 8. What is the units digit of u?
8
Let x(q) = q**3 - 12*q**2 - 14*q + 2. Let z be x(13). Let d = z + 82. What is the units digit of d?
1
Suppose -3*z + 5*f + 1005 = 0, f + 1653 = -2*z + 7*z. What is the hundreds digit of z?
3
Suppose 0 = -411*a + 406*a + 3885. What is the units digit of a?
7
Suppose q + 51*n - 56*n - 2865 = 0, 0 = -4*q - 3*n + 11437. What is the hundreds digit of q?
8
Let b(p) be the first derivative of p**4/4 + p**2/2 + p + 5. Let r(t) = 5*t**3 - 6*t + 1. Let v(c) = 2*b(c) + r(c). What is the tens digit of v(2)?
5
Let q(h) = -35*h + 3. What is the units digit of q(-14)?
3
What is the tens digit of -6*14*(-629)/34?
5
Let n(u) = -80*u - 13. Let p(w) = -81*w - 12. Let v(o) = -5*n(o) + 6*p(o). What is the hundreds digit of v(-2)?
1
Let a(m) = 12*m**2 - 1. Let v = 14 + -11. Let d be 12/(-4) + (v - 2)